{"id":256,"date":"2026-04-29T09:13:58","date_gmt":"2026-04-29T07:13:58","guid":{"rendered":"https:\/\/besemer-architekten.de\/?page_id=256"},"modified":"2026-04-29T09:53:15","modified_gmt":"2026-04-29T07:53:15","slug":"leistungen","status":"publish","type":"page","link":"https:\/\/besemer-architekten.de\/?page_id=256","title":{"rendered":"Leistungen"},"content":{"rendered":"\n<h1 class=\"wp-block-heading\"><br>Besemer Architekten<\/h1>\n\n\n\n<p id=\"block-596399e0-9115-49b0-bb7e-a53b1aec8e1c\"><strong>Ihre Architekten f\u00fcr individuelles Bauen<\/strong><\/p>\n\n\n\n<p id=\"block-0ad6537d-1528-4438-b3cf-63c8fe7c83b9\"><strong>Unsere Leistungen<\/strong><\/p>\n\n\n\n<p id=\"block-6157fa9b-fa72-4514-84fa-4ed917c4d313\">Die Besemer Architekten planen und bauen Neu-, An-, Aus- sowie Umbauten im Bereich von Wohn- und Gesch\u00e4ftsbauten, B\u00fcrogeb\u00e4uden und Produktionsst\u00e4tten und alles was in unserer Umgebung Architekten-Know-How erfordert.<\/p>\n\n\n\n<p id=\"block-eb7b57db-d88b-4942-a8f1-5c1394cde974\">Mit einer langj\u00e4hrigen Erfahrung als Architekten verf\u00fcgen wir \u00fcber ein tiefes Fachwissen bei der Planung und Gestaltung von Geb\u00e4uden und Projekten.<\/p>\n\n\n\n<p id=\"block-81b3fff8-cb7a-4308-bbfe-5e5ac079aed7\">Alle Projekte werden ortsspezifisch entwickelt und stehen in Einzelbetrachtungsweise.<\/p>\n\n\n\n<p id=\"block-0694b54a-cb4e-4e6c-b19f-0ee25eb80de4\">Die gute Zusammenarbeit mit unseren Bauherren steht f\u00fcr uns im Mittelpunkt.<\/p>\n\n\n\n<p id=\"block-fb2f9d66-64b7-4516-af66-4ed9c074a1c2\">Die Besemer Architekten stehen f\u00fcr eine zeitgem\u00e4\u00dfe Architektur, die auf langj\u00e4hriger Erfahrung mehrerer Generationen basiert und sich auf die Realisierung individueller Visionen konzentriert.<\/p>\n\n\n\n<p id=\"block-730bcabd-c6a6-42ac-893e-d73a47284810\"><\/p>\n\n\n\n<p id=\"block-9c0356c0-9f08-4187-b5cf-9e35e1421acd\"><strong>Unsere Aufgaben<\/strong><\/p>\n\n\n\n<p id=\"block-47ccdba0-d378-4a0e-8911-452027f29df6\">Die Anforderungen an das Bauen haben sich in den vergangenen Jahren wesentlich ver\u00e4ndert. Wirtschaftliche Zusammenh\u00e4nge und \u00f6kologische Erkenntnisse bilden die Grundlage f\u00fcr ein neues Verst\u00e4ndnis von nachhaltiger Architektur.<\/p>\n\n\n\n<p id=\"block-1a86b4ec-21a4-45c3-b240-8c6c9bb58405\">Das gesellschaftliche Wissen entwickelt sich \u2013 unter anderem vor dem Hintergrund der neuen Medien \u2013 rasant und stellt die technischen Voraussetzungen des Bauens auf eine neue Grundlage. Komplexit\u00e4t und Vielfalt bestimmen heute die Entstehung von Architektur und haben folgerichtig zu Arbeitsweisen gef\u00fchrt, die \u00fcber partnerschaftliche Kompetenz getragen werden.<\/p>\n\n\n\n<p id=\"block-6c3bb606-c760-4b0f-9b4c-5776a1e0cf70\">Wir sehen unsere Arbeit im Mittelpunkt dieser grundlegenden Ver\u00e4nderungen und verstehen uns als Berater des Bauherrn sowie Partner im Netzwerk unterschiedlicher Fachplaner und Menschen, die in der Verantwortung gegen\u00fcber Gesellschaft und Umwelt stehen.<\/p>\n\n\n\n<p id=\"block-a91d0bf3-7e67-4157-816a-486dc20958f2\"><\/p>\n\n\n\n<p id=\"block-21be3a54-4632-4279-b948-26076b6cf775\"><strong>Anforderungsgerechte Planung &amp; Nachhaltigkeit<\/strong><\/p>\n\n\n\n<p id=\"block-9ddfd65c-607a-4eb0-a487-9e75c23734c9\">Neue \u00f6kologische Erkenntnisse fordern eine nachhaltige Planungsweise im Bereich Umwelt, Ressourcen und Budgets. Wir bieten auf dieser Grundlage umfassende Leistungskompetenzen. Beratung in Form von Energie- &amp; Nachhaltigkeitskonzepten geh\u00f6ren dabei genauso dazu wie auch die Form und Gestaltung als Qualit\u00e4tsmerkmal der Bauwerke. Dazu geh\u00f6rt eine ansprechende \u00e4u\u00dfere Gestaltung auf entwurflicher Ebene wie auch die optimierte Planung der Nutzung, ebenso Ma\u00dfstab und Lichtf\u00fchrung der r\u00e4umlichen Qualit\u00e4ten. &nbsp;Im nahtlosen Zusammenarbeiten der verschiedenen Komponenten sehen wir eine wertige Architektur.<\/p>\n\n\n\n<p id=\"block-cd221e27-24d9-4da2-8788-8a8a6bab26ac\"><\/p>\n\n\n\n<p id=\"block-c4abb1e0-4e87-4422-b377-737526e3aaed\"><strong>Bauleitung &amp; SiGeKo<\/strong><\/p>\n\n\n\n<p id=\"block-aec3870d-59fa-44b4-8b53-08d60c5ad0b1\">Im B\u00fcro wird nicht nur erfolgreich geplant. Alle Leistungsphasen der Arbeit eines Architekten werden angeboten. Dazu geh\u00f6rt die Ausf\u00fchrung jeglicher Projektplanungen als Bauleitung. Dar\u00fcber hinaus wird auch die Leistung eines Sicherheits- und Gesundheitsschutzkoordinators (SiGeKo) angeboten.<\/p>\n\n\n\n<p id=\"block-f343cd69-f4f1-4032-b15e-f8adb0e0e2e5\"><\/p>\n\n\n\n<p id=\"block-a1cb4397-5651-4f31-864d-9b7c5ded62e7\"><strong>Zusammenarbeit mit den Bauherren<\/strong><\/p>\n\n\n\n<p id=\"block-ff2cb37c-ff7b-40ca-8f0c-43c1188f73bb\">F\u00fcr uns ist die enge Zusammenarbeit und das Feedback der Bauherren ein Ansporn f\u00fcr neue Erfolge.<\/p>\n\n\n\n<p id=\"block-26bb541b-3e2f-455d-b7ac-d2c9d4b3e740\">Die Bauwerke weisen eine individuelle Note und Variabilit\u00e4t auf, welche auf die Bed\u00fcrfnisse der Bauherren zugeschnitten sind.<\/p>\n","protected":false},"excerpt":{"rendered":"<p>Besemer Architekten Ihre Architekten f\u00fcr individuelles Bauen Unsere Leistungen Die Besemer Architekten planen und bauen Neu-, An-, Aus- sowie Umbauten im Bereich von Wohn- und Gesch\u00e4ftsbauten, B\u00fcrogeb\u00e4uden und Produktionsst\u00e4tten und alles was in unserer Umgebung Architekten-Know-How erfordert. Mit einer langj\u00e4hrigen Erfahrung als Architekten verf\u00fcgen wir \u00fcber ein tiefes Fachwissen bei der Planung und Gestaltung von &hellip; <a href=\"https:\/\/besemer-architekten.de\/?page_id=256\" class=\"more-link\"><span class=\"screen-reader-text\">\u201eLeistungen\u201c <\/span>weiterlesen<\/a><\/p>\n","protected":false},"author":1,"featured_media":0,"parent":0,"menu_order":0,"comment_status":"closed","ping_status":"closed","template":"","meta":{"footnotes":""},"class_list":["post-256","page","type-page","status-publish","hentry"],"_links":{"self":[{"href":"https:\/\/besemer-architekten.de\/index.php?rest_route=\/wp\/v2\/pages\/256","targetHints":{"allow":["GET"]}}],"collection":[{"href":"https:\/\/besemer-architekten.de\/index.php?rest_route=\/wp\/v2\/pages"}],"about":[{"href":"https:\/\/besemer-architekten.de\/index.php?rest_route=\/wp\/v2\/types\/page"}],"author":[{"embeddable":true,"href":"https:\/\/besemer-architekten.de\/index.php?rest_route=\/wp\/v2\/users\/1"}],"replies":[{"embeddable":true,"href":"https:\/\/besemer-architekten.de\/index.php?rest_route=%2Fwp%2Fv2%2Fcomments&post=256"}],"version-history":[{"count":3,"href":"https:\/\/besemer-architekten.de\/index.php?rest_route=\/wp\/v2\/pages\/256\/revisions"}],"predecessor-version":[{"id":281,"href":"https:\/\/besemer-architekten.de\/index.php?rest_route=\/wp\/v2\/pages\/256\/revisions\/281"}],"wp:attachment":[{"href":"https:\/\/besemer-architekten.de\/index.php?rest_route=%2Fwp%2Fv2%2Fmedia&parent=256"}],"curies":[{"name":"wp","href":"https:\/\/api.w.org\/{rel}","templated":true}]}}

<h1 class="wp-block-heading"><br>Besemer Architekten</h1>



<p id="block-596399e0-9115-49b0-bb7e-a53b1aec8e1c"><strong>Ihre Architekten für individuelles Bauen</strong></p>



<p id="block-0ad6537d-1528-4438-b3cf-63c8fe7c83b9"><strong>Unsere Leistungen</strong></p>



<p id="block-6157fa9b-fa72-4514-84fa-4ed917c4d313">Die Besemer Architekten planen und bauen Neu-, An-, Aus- sowie Umbauten im Bereich von Wohn- und Geschäftsbauten, Bürogebäuden und Produktionsstätten und alles was in unserer Umgebung Architekten-Know-How erfordert.</p>



<p id="block-eb7b57db-d88b-4942-a8f1-5c1394cde974">Mit einer langjährigen Erfahrung als Architekten verfügen wir über ein tiefes Fachwissen bei der Planung und Gestaltung von Gebäuden und Projekten.</p>



<p id="block-81b3fff8-cb7a-4308-bbfe-5e5ac079aed7">Alle Projekte werden ortsspezifisch entwickelt und stehen in Einzelbetrachtungsweise.</p>



<p id="block-0694b54a-cb4e-4e6c-b19f-0ee25eb80de4">Die gute Zusammenarbeit mit unseren Bauherren steht für uns im Mittelpunkt.</p>



<p id="block-fb2f9d66-64b7-4516-af66-4ed9c074a1c2">Die Besemer Architekten stehen für eine zeitgemäße Architektur, die auf langjähriger Erfahrung mehrerer Generationen basiert und sich auf die Realisierung individueller Visionen konzentriert.</p>



<p id="block-730bcabd-c6a6-42ac-893e-d73a47284810"></p>



<p id="block-9c0356c0-9f08-4187-b5cf-9e35e1421acd"><strong>Unsere Aufgaben</strong></p>



<p id="block-47ccdba0-d378-4a0e-8911-452027f29df6">Die Anforderungen an das Bauen haben sich in den vergangenen Jahren wesentlich verändert. Wirtschaftliche Zusammenhänge und ökologische Erkenntnisse bilden die Grundlage für ein neues Verständnis von nachhaltiger Architektur.</p>



<p id="block-1a86b4ec-21a4-45c3-b240-8c6c9bb58405">Das gesellschaftliche Wissen entwickelt sich – unter anderem vor dem Hintergrund der neuen Medien – rasant und stellt die technischen Voraussetzungen des Bauens auf eine neue Grundlage. Komplexität und Vielfalt bestimmen heute die Entstehung von Architektur und haben folgerichtig zu Arbeitsweisen geführt, die über partnerschaftliche Kompetenz getragen werden.</p>



<p id="block-6c3bb606-c760-4b0f-9b4c-5776a1e0cf70">Wir sehen unsere Arbeit im Mittelpunkt dieser grundlegenden Veränderungen und verstehen uns als Berater des Bauherrn sowie Partner im Netzwerk unterschiedlicher Fachplaner und Menschen, die in der Verantwortung gegenüber Gesellschaft und Umwelt stehen.</p>



<p id="block-a91d0bf3-7e67-4157-816a-486dc20958f2"></p>



<p id="block-21be3a54-4632-4279-b948-26076b6cf775"><strong>Anforderungsgerechte Planung &amp; Nachhaltigkeit</strong></p>



<p id="block-9ddfd65c-607a-4eb0-a487-9e75c23734c9">Neue ökologische Erkenntnisse fordern eine nachhaltige Planungsweise im Bereich Umwelt, Ressourcen und Budgets. Wir bieten auf dieser Grundlage umfassende Leistungskompetenzen. Beratung in Form von Energie- &amp; Nachhaltigkeitskonzepten gehören dabei genauso dazu wie auch die Form und Gestaltung als Qualitätsmerkmal der Bauwerke. Dazu gehört eine ansprechende äußere Gestaltung auf entwurflicher Ebene wie auch die optimierte Planung der Nutzung, ebenso Maßstab und Lichtführung der räumlichen Qualitäten. &nbsp;Im nahtlosen Zusammenarbeiten der verschiedenen Komponenten sehen wir eine wertige Architektur.</p>



<p id="block-cd221e27-24d9-4da2-8788-8a8a6bab26ac"></p>



<p id="block-c4abb1e0-4e87-4422-b377-737526e3aaed"><strong>Bauleitung &amp; SiGeKo</strong></p>



<p id="block-aec3870d-59fa-44b4-8b53-08d60c5ad0b1">Im Büro wird nicht nur erfolgreich geplant. Alle Leistungsphasen der Arbeit eines Architekten werden angeboten. Dazu gehört die Ausführung jeglicher Projektplanungen als Bauleitung. Darüber hinaus wird auch die Leistung eines Sicherheits- und Gesundheitsschutzkoordinators (SiGeKo) angeboten.</p>



<p id="block-f343cd69-f4f1-4032-b15e-f8adb0e0e2e5"></p>



<p id="block-a1cb4397-5651-4f31-864d-9b7c5ded62e7"><strong>Zusammenarbeit mit den Bauherren</strong></p>



<p id="block-ff2cb37c-ff7b-40ca-8f0c-43c1188f73bb">Für uns ist die enge Zusammenarbeit und das Feedback der Bauherren ein Ansporn für neue Erfolge.</p>



<p id="block-26bb541b-3e2f-455d-b7ac-d2c9d4b3e740">Die Bauwerke weisen eine individuelle Note und Variabilität auf, welche auf die Bedürfnisse der Bauherren zugeschnitten sind.</p>

<p>Besemer Architekten Ihre Architekten für individuelles Bauen Unsere Leistungen Die Besemer Architekten planen und bauen Neu-, An-, Aus- sowie Umbauten im Bereich von Wohn- und Geschäftsbauten, Bürogebäuden und Produktionsstätten und alles was in unserer Umgebung Architekten-Know-How erfordert. Mit einer langjährigen Erfahrung als Architekten verfügen wir über ein tiefes Fachwissen bei der Planung und Gestaltung von &hellip; <a href="https://besemer-architekten.de/?page_id=256" class="more-link"><span class="screen-reader-text">„Leistungen“ </span>weiterlesen</a></p>
